Is 194 a factor of 29265?
False
Does 12 divide 1633?
False
Does 4 divide 611?
False
Does 49 divide 40621?
True
Does 32 divide 22816?
True
Does 2 divide 579?
False
Is 1978 a multiple of 81?
False
Is 8142 a multiple of 23?
True
Does 24 divide 144?
True
Does 2 divide 74?
True
Is 24 a factor of 1251?
False
Does 15 divide 843?
False
Does 147 divide 27137?
False
Does 14 divide 106?
False
Does 5 divide 80?
True
Is 16 a factor of 512?
True
Does 51 divide 3816?
False
Does 9 divide 8082?
True
Is 354 a multiple of 6?
True
Does 30 divide 13920?
True
Does 13 divide 1126?
False
Is 19984 a multiple of 4?
True
Is 150 a multiple of 3?
True
Is 626 a multiple of 6?
False
Does 2 divide 123?
False
Is 7334 a multiple of 37?
False
Is 12192 a multiple of 16?
True
Is 1479 a multiple of 27?
False
Is 5040 a multiple of 210?
True
Is 66 a factor of 8401?
False
Is 43425 a multiple of 25?
True
Is 27 a factor of 684?
False
Does 82 divide 2092?
False
Is 8225 a multiple of 35?
True
Does 5 divide 4390?
True
Is 612 a multiple of 57?
False
Is 41 a factor of 5494?
True
Does 23 divide 515?
False
Is 8 a factor of 20325?
False
Is 70 a factor of 1696?
False
Is 10072 a multiple of 8?
True
Does 126 divide 29358?
True
Is 504 a multiple of 7?
True
Does 8 divide 202?
False
Is 7 a factor of 315?
True
Does 7 divide 553?
True
Is 14 a factor of 75070?
False
Is 2272 a multiple of 30?
False
Is 5 a factor of 1810?
True
Does 95 divide 2185?
True
Does 7 divide 46337?
False
Is 650 a multiple of 65?
True
Is 10 a factor of 30460?
True
Is 93348 a multiple of 36?
True
Does 48 divide 2684?
False
Is 24 a factor of 551?
False
Is 9 a factor of 5815?
False
Is 20 a factor of 4600?
True
Does 58 divide 26506?
True
Is 52 a factor of 1404?
True
Is 1603 a multiple of 114?
False
Is 12 a factor of 120?
True
Is 3164 a multiple of 14?
True
Is 4569 a multiple of 13?
False
Is 58 a factor of 5572?
False
Is 25680 a multiple of 50?
False
Does 15 divide 525?
True
Is 44521 a multiple of 36?
False
Is 1176 a multiple of 8?
True
Is 43668 a multiple of 9?
True
Is 3 a factor of 56?
False
Does 21 divide 240?
False
Is 24 a factor of 1800?
True
Does 11 divide 5002?
False
Does 23 divide 83817?
False
Is 84 a multiple of 14?
True
Is 312 a multiple of 15?
False
Is 71 a factor of 36419?
False
Is 8 a factor of 1296?
True
Is 4 a factor of 1352?
True
Is 551 a multiple of 14?
False
Is 8 a factor of 408?
True
Is 735 a multiple of 49?
True
Does 169 divide 31434?
True
Does 10 divide 7310?
True
Is 3068 a multiple of 118?
True
Is 59 a factor of 15222?
True
Is 19 a factor of 23655?
True
Is 44 a factor of 3664?
False
Does 86 divide 10492?
True
Is 4014 a multiple of 6?
True
Is 8 a factor of 400?
True
Is 40 a factor of 4736?
False
Is 3075 a multiple of 23?
False
Is 74 a factor of 2738?
True
Is 647 a multiple of 12?
False
Does 284 divide 60197?
False
Is 22 a factor of 895?
False
Does 24 divide 432?
True
Does 8 divide 168?
True
Is 1086 a multiple of 7?
False
Is 6930 a multiple of 22?
True
Is 10 a factor of 1480?
True
Is 8346 a multiple of 107?
True
Does 13 divide 11820?
False
Is 644 a multiple of 14?
True
Is 605 a multiple of 7?
False
Does 30 divide 7920?
True
Does 41 divide 2583?
True
Is 76 a factor of 736?
False
Is 12272 a multiple of 16?
True
Does 5 divide 207?
False
Does 6 divide 306?
True
Does 2 divide 408?
True
Is 234 a factor of 29660?
False
Does 17 divide 1462?
True
Is 5217 a multiple of 141?
True
Does 10 divide 15530?
True
Does 8 divide 4953?
False
Is 559 a multiple of 13?
True
Is 26 a factor of 4680?
True
Does 13 divide 20649?
False
Is 3751 a multiple of 11?
True
Is 7 a factor of 5887?
True
Does 15 divide 95598?
False
Does 18 divide 7146?
True
Does 7 divide 15399?
False
Is 289 a multiple of 2?
False
Is 29 a factor of 196?
False
Does 23 divide 5060?
True
Is 1911 a multiple of 7?
True
Is 462 a multiple of 33?
True
Does 40 divide 48920?
True
Is 6006 a multiple of 42?
True
Is 23 a factor of 736?
True
Does 12 divide 324?
True
Is 1760 a multiple of 16?
True
Is 10474 a multiple of 55?
False
Is 5795 a multiple of 13?
False
Is 15 a factor of 12585?
True
Is 38066 a multiple of 34?
False
Does 57 divide 29070?
True
Does 11 divide 3762?
True
Is 31 a factor of 636?
False
Is 5024 a multiple of 13?
False
Is 7 a factor of 3030?
False
Is 38698 a multiple of 22?
True
Is 920 a multiple of 11?
False
Is 8028 a multiple of 36?
True
Does 4 divide 1734?
False
Is 133 even?
False
Is 18 a factor of 190?
False
Is 2 a factor of 142?
True
Is 28 a factor of 67676?
True
Is 780 a multiple of 12?
True
Is 3207 a multiple of 67?
False
Is 3 a factor of 633?
True
Does 10 divide 2040?
True
Is 3 a factor of 330?
True
Is 14 a factor of 1943?
False
Is 11262 a multiple of 6?
True
Is 29 a factor of 1816?
False
Is 11 a factor of 4972?
True
Does 3 divide 562?
False
Is 36024 a multiple of 152?
True
Is 720 a multiple of 10?
True
Does 84 divide 5595?
False
Does 4 divide 609?
False
Is 7 a factor of 900?
False
Does 15 divide 4378?
False
Is 41 a factor of 9963?
True
Is 2381 a multiple of 14?
False
Does 64 divide 8201?
False
Does 21 divide 10731?
True
Is 15 a factor of 3540?
True
Does 80 divide 13351?
False
Does 6 divide 325?
False
Is 704 a multiple of 64?
True
Does 17 divide 161?
False
Is 4 a factor of 2769?
False
Is 21883 a multiple of 79?
True
Does 7 divide 203?
True
Does 22 divide 5632?
True
Does 19 divide 570?
True
Is 56 a factor of 1456?
True
Is 20400 a multiple of 3?
True
Does 45 divide 31059?
False
Is 689 a multiple of 13?
True
Is 41 a factor of 16761?
False
Does 6 divide 281?
False
Does 15 divide 318?
False
Is 8 a factor of 616?
True
Does 10 divide 2460?
True
Does 13 divide 20884?
False
Is 109 a multiple of 7?
False
Does 46 divide 4682?
False
Is 4 a factor of 9288?
True
Is 413 a multiple of 4?
False
Does 76 divide 9652?
True
Does 8 divide 1038?
False
Is 684 a multiple of 18?
True
Is 5 a factor of 29?
False
Is 30 a factor of 1629?
False
Is 19 a factor of 5358?
True
Is 11337 a multiple of 13?
False
Does 58 divide 17342?
True
Is 20 a factor of 8820?
True
Does 13 divide 4810?
True
Is 6736 a multiple of 16?
True
Is 5 a factor of 1906?
False
Is 213 a multiple of 71?
True
Is 1957 a multiple of 19?
True
Does 9 divide 4293?
True
Is 21958 a multiple of 6?
False
Does 39 divide 1388?
False
Does 86 divide 19436?
True
Is 20 a factor of 289?
False
Is 12 a factor of 202?
False
Is 657 a multiple of 38?
False
Is 336 a multiple of 8?
True
Does 19 divide 1558?
True
Does 47 divide 1175?
True
Does 17 divide 799?
True
Is 7 a factor of 179?
False
Is 108936 a multiple of 89?
True
Does 17 divide 1972?
True
Is 221 a multiple of 13?
True
Does 8 divide 9248?
True
Is 4864 a multiple of 27?
False
Is 20977 a multiple of 91?
False
Does 48 divide 1200?
True
Is 1284 a multiple of 12?
True
Is 24 a factor of 1272?
True
Is 266 a multiple of 7?
True
Is 29 a factor of 744?
False
Is 5185 a multiple of 40?
False
Is 848 a multiple of 24?
False
Is 537 a multiple of 3?
True
Is 3146 a multiple of 6?
False
Is 93840 a multiple of 34?
True
Is 69 a factor of 13141?
False
Does 12 divide 552?
True
Is 30 a factor of 30?
True
Is 3929 a multiple of 10?
False
Is 6 a factor of 110?
False
Is 71 a factor of 28329?
True
Does 11 divide 5967?
False
Is 1037 a multiple of 15?
False
Does 13 divide 11752?
True
Does 65 divide 6986?
False
Is 137 a factor of 3699?
True
Does 15 divide 6810?
True
Is 17181 a multiple of 41?
False
Is 86 a multiple of 43?
True
Is 12 a factor of 3036?
True
Is 45 a factor of 322?
False
Is 12 a factor of 549?
False
Is 28 a factor of 230?
False
Is 814 a multiple of 11?
True
Is 5192 a multiple of 8?
True
Is 67 a factor of 2260?
False
Is 10187 a multiple of 70?
False
Is 330 a multiple of 2?
True
Is 1091 a multiple of 3?
False
Is 7 a factor of 2676?
False
Does 8 divide 1223?
False
Is 108 a multiple of 3?
True
Is 26 a factor of 5174?
True
Is 869 a multiple of 27?
False
Is 66430 a multiple of 91?
True
Is 48 a factor of 9674?
False
Is 4260 a multiple of 142?
True
Does 18 divide 30798?
True
Is 14 a factor of 404?
False
Is 13 a factor of 936?
True
Is 138 a factor of 9936?
True
Is 12950 a multiple of 25?
True
Does 55 divide 3685?
True
Does 34 divide 1870?
True
Is 33 a factor of 264?
True
Is 900 a multiple of 60?
True
Is 3236 a multiple of 73?
False
Does 4 divide 658?
False
Is 22 a factor of 4088?
False
Is 45 a factor of 51162?
False
